e
Does 69 divide 19751250?
True
Is 27246800 a multiple of 8?
True
Is 321734462 a multiple of 23?
False
Is 37671789 a multiple of 93?
True
Is 5719630 a multiple of 70?
True
Is 1624745545 a multiple of 436?
False
Does 306 divide 161149246?
False
Does 14 divide 5857026?
True
Does 5 divide 2770487?
False
Is 53 a factor of 226933734?
False
Is 326 a factor of 98766264?
True
Does 110 divide 25050850?
True
Is 14 a factor of 410022328?
False
Is 16 a factor of 382498192?
True
Is 28 a factor of 23687803?
False
Is 897 a factor of 128590332?
True
Is 149 a factor of 32786352?
False
Is 108988830 a multiple of 9?
True
Is 34416088 a multiple of 79?
False
Does 152 divide 30375680?
True
Is 249 a factor of 2194609059?
True
Is 6370192 a multiple of 172?
True
Is 146423180 a multiple of 2579?
False
Is 99 a factor of 556367823?
True
Is 102 a factor of 33951471?
False
Does 430 divide 83704896?
False
Does 14 divide 4164479?
False
Is 14 a factor of 455582638?
True
Is 207848562 a multiple of 552?
False
Is 952898456 a multiple of 3046?
True
Is 85 a factor of 74249285?
True
Is 59670281 a multiple of 90?
False
Does 1117 divide 20439254?
False
Does 200 divide 17771800?
True
Is 584749355 a multiple of 23?
True
Is 202601706 a multiple of 55?
False
Does 206 divide 226946904?
True
Is 363 a factor of 907066254?
False
Is 671299387 a multiple of 81?
False
Does 35 divide 54972435?
True
Is 2309 a factor of 2207404?
True
Is 121 a factor of 4213742357?
True
Is 121 a factor of 891169114?
True
Is 142017345 a multiple of 1791?
True
Is 69 a factor of 369118950?
True
Does 3 divide 1975047?
True
Is 11691 a factor of 1385406882?
True
Does 231 divide 1303622259?
False
Is 307 a factor of 1224978970?
False
Is 48 a factor of 623952?
True
Is 19 a factor of 11566896?
True
Is 13377562 a multiple of 82?
True
Does 5 divide 1430538?
False
Is 1216877080 a multiple of 118?
False
Does 450 divide 46687500?
True
Does 588 divide 5444338?
False
Does 651 divide 65679347?
False
Is 22 a factor of 245243321?
False
Is 115650937 a multiple of 686?
False
Is 7 a factor of 792638245?
True
Is 2712 a factor of 1390238844?
False
Does 4263 divide 624883833?
False
Is 15538477 a multiple of 103?
True
Is 292 a factor of 39407695?
False
Is 352 a factor of 30876384?
True
Is 214 a factor of 191082807?
False
Is 3634329479 a multiple of 12?
False
Does 3401 divide 143126906?
False
Is 1005254370 a multiple of 17?
True
Does 819 divide 22724895?
False
Is 139 a factor of 19396060?
True
Is 6899 a factor of 1036646831?
False
Does 9 divide 40391408?
False
Is 56 a factor of 1596019147?
False
Is 200 a factor of 275182733?
False
Is 16 a factor of 1080336650?
False
Does 5440 divide 1231754139?
False
Is 422606630 a multiple of 10?
True
Is 1234 a factor of 1078430854?
True
Is 2091627583 a multiple of 31?
False
Does 35 divide 30463225?
False
Is 43443412 a multiple of 326?
True
Is 2805489616 a multiple of 41?
True
Is 165427328 a multiple of 165?
False
Is 128 a factor of 341802112?
True
Is 2365 a factor of 484595595?
True
Does 1087 divide 928578267?
False
Is 43 a factor of 2590958909?
False
Is 28378242 a multiple of 43?
False
Is 601932713 a multiple of 20?
False
Does 634 divide 182723611?
False
Does 350 divide 20349000?
True
Is 96 a factor of 6408449?
False
Is 2560 a factor of 560554233?
False
Is 122501280 a multiple of 32?
True
Does 4 divide 15538480?
True
Does 6353 divide 7758194658?
True
Is 152352 a multiple of 4?
True
Is 201258372 a multiple of 4281?
True
Does 61 divide 280937093?
False
Is 92358630 a multiple of 5?
True
Is 333523380 a multiple of 9?
False
Is 240210865 a multiple of 1074?
False
Does 5601 divide 2544888144?
False
Is 1350121566 a multiple of 5?
False
Does 30 divide 706269208?
False
Is 22000995 a multiple of 45?
True
Is 76 a factor of 56830045?
False
Does 107 divide 874828726?
False
Is 1827 a factor of 519054354?
True
Is 1777040 a multiple of 97?
True
Is 342 a factor of 30001540?
False
Is 205460440 a multiple of 50?
False
Is 9 a factor of 35597375?
False
Does 21 divide 249223899?
False
Is 10867168 a multiple of 416?
True
Is 1519202881 a multiple of 10?
False
Is 37 a factor of 381937199?
True
Does 173 divide 159043634?
False
Does 5 divide 31322825?
True
Is 61451325 a multiple of 1175?
True
Is 19 a factor of 43574100?
False
Is 92 a factor of 7544828?
True
Is 55265196 a multiple of 1038?
True
Does 42 divide 29233483?
False
Is 217 a factor of 760268216?
False
Is 72 a factor of 3643816?
False
Is 2455425 a multiple of 35?
True
Is 1004 a factor of 83897252?
True
Is 125609051 a multiple of 47?
True
Is 10053889 a multiple of 14?
False
Is 25692685 a multiple of 16?
False
Is 13 a factor of 11149322?
False
Is 34 a factor of 15813026?
True
Is 10 a factor of 673471876?
False
Does 87 divide 69895272?
False
Does 1226 divide 909590242?
True
Does 168 divide 25080083?
False
Does 3 divide 6316951?
False
Is 20 a factor of 816929233?
False
Is 13682135 a multiple of 26?
False
Is 115 a factor of 273208030?
True
Is 456 a factor of 74348362?
False
Is 35 a factor of 12873515?
False
Is 704666016 a multiple of 984?
True
Is 11506544 a multiple of 568?
True
Is 9 a factor of 3168045126?
True
Is 2602419183 a multiple of 1337?
False
Is 123 a factor of 37023?
True
Is 14 a factor of 23911482?
True
Does 66 divide 148825909?
False
Is 4516590 a multiple of 78?
True
Is 5211 a factor of 439271667?
True
Is 571 a factor of 511520643?
True
Is 8498520 a multiple of 32?
False
Is 5 a factor of 105658590?
True
Is 35 a factor of 148613535?
True
Is 3 a factor of 28562022?
True
Is 84967012 a multiple of 76?
True
Does 21 divide 171158106?
True
Is 202605600 a multiple of 300?
True
Does 119 divide 287620230?
False
Does 8 divide 184212496?
True
Is 277 a factor of 62499918?
False
Is 711 a factor of 12055207?
False
Is 54990552 a multiple of 72?
False
Is 51 a factor of 14562744?
True
Does 3 divide 50034582?
True
Is 882251859 a multiple of 6886?
False
Is 86716752 a multiple of 37?
True
Is 79233685 a multiple of 36?
False
Does 31 divide 7646831?
False
Is 589855679 a multiple of 340?
False
Does 99 divide 151339285?
False
Does 95 divide 76117705?
True
Is 16 a factor of 1397143026?
False
Is 31357780 a multiple of 5?
True
Does 54 divide 1133460594?
True
Is 26668035 a multiple of 33?
False
Is 16 a factor of 897836176?
True
Is 23640660 a multiple of 270?
True
Is 12 a factor of 705779856?
True
Is 108 a factor of 153618012?
True
Does 42 divide 109184880?
True
Does 8 divide 20812992?
True
Does 219 divide 54819204?
True
Is 17092236 a multiple of 938?
True
Is 5084 a factor of 517305255?
False
Is 176746259 a multiple of 28?
False
Is 8859883 a multiple of 50?
False
Is 576179163 a multiple of 1125?
False
Is 2899 a factor of 37371009?
True
Is 66812680 a multiple of 11?
True
Is 11 a factor of 10583242?
False
Does 10327 divide 6990562349?
False
Does 205 divide 6113510?
True
Is 148 a factor of 11311048?
True
Does 481 divide 11429522?
True
Does 5 divide 51943279?
False
Does 27 divide 1813673295?
True
Is 1869 a factor of 831895638?
True
Is 50368389 a multiple of 10?
False
Does 4 divide 3398921?
False
Is 463286010 a multiple of 763?
False
Is 26588824 a multiple of 283?
False
Is 214 a factor of 61808287?
False
Is 45 a factor of 146569543?
False
Is 10 a factor of 49303010?
True
Is 734 a factor of 45199988?
False
Is 69337974 a multiple of 6?
True
Does 94 divide 16102764?
True
Does 467 divide 366812155?
True
Is 1407562046 a multiple of 10?
False
Is 26 a factor of 2750593178?
False
Is 18 a factor of 3190807?
False
Is 141315809 a multiple of 24?
False
Does 1483 divide 1286486187?
True
Is 962 a factor of 398790017?
False
Is 1245 a factor of 76612320?
True
Does 44 divide 363649176?
True
Is 2785 a factor of 73690103?
False
Is 3243 a factor of 1495146234?
True
Does 178 divide 5291767?
False
Is 11 a factor of 57275504?
True
Does 16 divide 308536288?
True
Is 17270214 a multiple of 8?
False
Is 58 a factor of 160572188?
True
Is 16 a factor of 311266808?
False
Is 29370601 a multiple of 73?
True
Is 161048193 a multiple of 493?
False
Is 1208 a factor of 32973568?
True
Does 12 divide 87742296?
True
Is 7737884 a multiple of 679?
True
Does 588 divide 1097714856?
True
Does 14 divide 10356946292?
True
Does 299 divide 38749802?
True
Is 19 a factor of 37970930?
True
Is 1729395275 a multiple of 27?
False
Is 397 a factor of 22202